{"id":206,"date":"2026-01-29T15:10:25","date_gmt":"2026-01-29T14:10:25","guid":{"rendered":"https:\/\/denis-meunier.be\/Tiguan\/?page_id=206"},"modified":"2026-03-31T21:48:57","modified_gmt":"2026-03-31T19:48:57","slug":"le-blog-de-nos-vehicules","status":"publish","type":"page","link":"https:\/\/denis-meunier.be\/NosVehicules\/","title":{"rendered":"Le Blog de nos exp\u00e9riences \u00ab\u00a0v\u00e9hicules\u00a0\u00bb"},"content":{"rendered":"\n<div class=\"wp-block-group has-light-gray-background-color has-background\"><div class=\"wp-block-group__inner-container is-layout-constrained wp-block-group-is-layout-constrained\">\n<h2 class=\"wp-block-heading\"><strong>La BYD Dolphin Surf Confort<\/strong> ( 02.2026 )<\/h2>\n\n\n\n<figure class=\"wp-block-image size-full\"><a href=\"https:\/\/denis-meunier.be\/NosVehicules\/category\/le-byd-dolphin-surf\/\"><img loading=\"lazy\" decoding=\"async\" width=\"2560\" height=\"1441\" src=\"https:\/\/denis-meunier.be\/NosVehicules\/wp-content\/uploads\/2026\/02\/20260214_132658-scaled.jpg\" alt=\"\" class=\"wp-image-362\" srcset=\"https:\/\/denis-meunier.be\/NosVehicules\/wp-content\/uploads\/2026\/02\/20260214_132658-scaled.jpg 2560w, https:\/\/denis-meunier.be\/NosVehicules\/wp-content\/uploads\/2026\/02\/20260214_132658-300x169.jpg 300w, https:\/\/denis-meunier.be\/NosVehicules\/wp-content\/uploads\/2026\/02\/20260214_132658-1024x577.jpg 1024w, https:\/\/denis-meunier.be\/NosVehicules\/wp-content\/uploads\/2026\/02\/20260214_132658-768x432.jpg 768w, https:\/\/denis-meunier.be\/NosVehicules\/wp-content\/uploads\/2026\/02\/20260214_132658-1536x865.jpg 1536w, https:\/\/denis-meunier.be\/NosVehicules\/wp-content\/uploads\/2026\/02\/20260214_132658-2048x1153.jpg 2048w\" sizes=\"auto, (max-width: 2560px) 100vw, 2560px\" \/><\/a><figcaption class=\"wp-element-caption\">(Les commentaires sont ouverts)<\/figcaption><\/figure>\n<\/div><\/div>\n\n\n\n<div class=\"wp-block-group has-light-gray-background-color has-background\"><div class=\"wp-block-group__inner-container is-layout-constrained wp-block-group-is-layout-constrained\">\n<h2 class=\"wp-block-heading\"><strong>La Peugeot 208 1,2 Puretech<\/strong> <br>(05.2019 -&gt; 02.2026)<\/h2>\n\n\n\n<figure class=\"wp-block-image size-full\"><a href=\"https:\/\/denis-meunier.be\/NosVehicules\/category\/la-peugeot-208\/\"><img decoding=\"async\" src=\"https:\/\/denis-meunier.be\/Deonisios\/wp-content\/uploads\/2026\/01\/20190518.jpg\" alt=\"\" class=\"wp-image-1548\"\/><\/a><\/figure>\n<\/div><\/div>\n\n\n\n<div class=\"wp-block-group has-light-gray-background-color has-background\"><div class=\"wp-block-group__inner-container is-layout-constrained wp-block-group-is-layout-constrained\">\n<h2 class=\"wp-block-heading\"><strong>Le TIGUAN 2 (VW)<\/strong> Mai 2017 -&gt; <br>   &#8230; toujours en service&#x1f609;<\/h2>\n\n\n<div class=\"wp-block-image\">\n<figure class=\"aligncenter size-large\"><a href=\"https:\/\/denis-meunier.be\/NosVehicules\/category\/le-tiguan-ii\/\"><img decoding=\"async\" src=\"https:\/\/denis-meunier.be\/Deonisios\/wp-content\/uploads\/2026\/01\/20170610_115736-1024x576.jpg\" alt=\"\" class=\"wp-image-1563\"\/><\/a><\/figure>\n<\/div><\/div><\/div>\n\n\n\n<div class=\"wp-block-group has-light-gray-background-color has-background\"><div class=\"wp-block-group__inner-container is-layout-constrained wp-block-group-is-layout-constrained\">\n<h2 class=\"wp-block-heading\"><strong>Le TIGUAN 1 (VW)<\/strong> Mars 2011 -&gt; Mai 2017<\/h2>\n\n\n\n<figure class=\"wp-block-image size-large\"><a href=\"https:\/\/denis-meunier.be\/NosVehicules\/category\/notre-1er-tiguan\/\"><img decoding=\"async\" src=\"http:\/\/denis-meunier.be\/NosVehicules\/wp-content\/uploads\/2011\/03\/605860479.jpg\" alt=\"\"\/><\/a><\/figure>\n<\/div><\/div>\n\n\n\n<div class=\"wp-block-group has-light-gray-background-color has-background\"><div class=\"wp-block-group__inner-container is-layout-constrained wp-block-group-is-layout-constrained\">\n<h2 class=\"wp-block-heading\"><strong>Le <mark style=\"background-color:rgba(0, 0, 0, 0);color:#fa0404\" class=\"has-inline-color\"><em>S<\/em><\/mark>-Max de Ford<\/strong> : 2006 -&gt; Mars 2011<\/h2>\n\n\n\n<figure class=\"wp-block-image size-large\"><a href=\"https:\/\/denis-meunier.be\/smax\/\"><img loading=\"lazy\" decoding=\"async\" width=\"1024\" height=\"558\" src=\"https:\/\/denis-meunier.be\/NosVehicules\/wp-content\/uploads\/2026\/02\/IMG_0437-e1770625175947-1024x558.jpg\" alt=\"\" class=\"wp-image-310\" srcset=\"https:\/\/denis-meunier.be\/NosVehicules\/wp-content\/uploads\/2026\/02\/IMG_0437-e1770625175947-1024x558.jpg 1024w, https:\/\/denis-meunier.be\/NosVehicules\/wp-content\/uploads\/2026\/02\/IMG_0437-e1770625175947-300x164.jpg 300w, https:\/\/denis-meunier.be\/NosVehicules\/wp-content\/uploads\/2026\/02\/IMG_0437-e1770625175947-768x419.jpg 768w, https:\/\/denis-meunier.be\/NosVehicules\/wp-content\/uploads\/2026\/02\/IMG_0437-e1770625175947.jpg 1064w\" sizes=\"auto, (max-width: 1024px) 100vw, 1024px\" \/><\/a><\/figure>\n\n\n\n<p>V\u00e9hicule qui a b\u00e9n\u00e9fici\u00e9 de notre tout premier BLOG <a href=\"https:\/\/denis-meunier.be\/smax\/\">voir ICI<\/a><\/p>\n<\/div><\/div>\n\n\n\n<p><\/p>\n","protected":false},"excerpt":{"rendered":"<p>La BYD Dolphin Surf Confort ( 02.2026 ) La Peugeot 208 1,2 Puretech (05.2019 -&gt; 02.2026) Le TIGUAN 2 (VW) Mai 2017 -&gt; &#8230; toujours en service&#x1f609; Le TIGUAN 1 (VW) Mars 2011 -&gt; Mai 2017 Le S-Max de Ford : 2006 -&gt; Mars 2011 V\u00e9hicule qui a b\u00e9n\u00e9fici\u00e9 de notre tout premier BLOG voir &hellip; <a href=\"https:\/\/denis-meunier.be\/NosVehicules\/\" class=\"more-link\">Continuer la lecture de <span class=\"screen-reader-text\">Le Blog de nos exp\u00e9riences \u00ab\u00a0v\u00e9hicules\u00a0\u00bb<\/span><\/a><\/p>\n","protected":false},"author":1,"featured_media":0,"parent":0,"menu_order":0,"comment_status":"closed","ping_status":"closed","template":"","meta":{"footnotes":""},"class_list":["post-206","page","type-page","status-publish","hentry"],"_links":{"self":[{"href":"https:\/\/denis-meunier.be\/NosVehicules\/wp-json\/wp\/v2\/pages\/206","targetHints":{"allow":["GET"]}}],"collection":[{"href":"https:\/\/denis-meunier.be\/NosVehicules\/wp-json\/wp\/v2\/pages"}],"about":[{"href":"https:\/\/denis-meunier.be\/NosVehicules\/wp-json\/wp\/v2\/types\/page"}],"author":[{"embeddable":true,"href":"https:\/\/denis-meunier.be\/NosVehicules\/wp-json\/wp\/v2\/users\/1"}],"replies":[{"embeddable":true,"href":"https:\/\/denis-meunier.be\/NosVehicules\/wp-json\/wp\/v2\/comments?post=206"}],"version-history":[{"count":13,"href":"https:\/\/denis-meunier.be\/NosVehicules\/wp-json\/wp\/v2\/pages\/206\/revisions"}],"predecessor-version":[{"id":422,"href":"https:\/\/denis-meunier.be\/NosVehicules\/wp-json\/wp\/v2\/pages\/206\/revisions\/422"}],"wp:attachment":[{"href":"https:\/\/denis-meunier.be\/NosVehicules\/wp-json\/wp\/v2\/media?parent=206"}],"curies":[{"name":"wp","href":"https:\/\/api.w.org\/{rel}","templated":true}]}}