{"id":637,"date":"2019-12-20T20:47:37","date_gmt":"2019-12-20T19:47:37","guid":{"rendered":"https:\/\/denis-meunier.be\/Deonisios\/?page_id=637"},"modified":"2022-02-14T21:06:45","modified_gmt":"2022-02-14T20:06:45","slug":"calendrier-du-ramassage-des-dechets-a-beersel","status":"publish","type":"page","link":"https:\/\/denis-meunier.be\/Deonisios\/calendrier-du-ramassage-des-dechets-a-beersel\/","title":{"rendered":"Calendrier du Ramassage des d\u00e9chets \u00e0 Beersel"},"content":{"rendered":"\n<p class=\"has-text-align-center has-text-color has-small-font-size\" style=\"color:#ba1616\"> (Beersel, Alsemberg, Huizingen, Lot et Dworp) <\/p>\n\n\n\n<div class=\"wp-block-media-text alignwide is-stacked-on-mobile\"><figure class=\"wp-block-media-text__media\"><img loading=\"lazy\" decoding=\"async\" width=\"133\" height=\"150\" src=\"https:\/\/denis-meunier.be\/Deonisios\/wp-content\/uploads\/2018\/12\/rdbk-133x150.jpg\" alt=\"\" class=\"wp-image-425 size-thumbnail\"\/><\/figure><div class=\"wp-block-media-text__content\">\n<p class=\"has-normal-font-size\"><strong>ICI, vous trouverez plusieurs mani\u00e8res de voir\/utiliser le calendrier<\/strong> du ramassage des d\u00e9chets \u00e0 Beersel<\/p>\n<\/div><\/div>\n\n\n\n<p class=\"has-white-color has-vivid-red-background-color has-text-color has-background has-medium-font-size\">1\/ <strong>Consulter le calendrier officiel<\/strong> (en NL)<\/p>\n\n\n\n<p>( Site de la commune de Beersel = NL )<br>&#8211;>  <a href=\"https:\/\/www.beersel.be\/afvalkalender\">Consulter le calendrier Officiel de la commune <strong>ICI<\/strong><\/a>  &lt;&#8211;  <\/p>\n\n\n\n<p class=\"has-white-color has-vivid-red-background-color has-text-color has-background has-medium-font-size\">2\/ Consulter le calendrier, en fran\u00e7ais, sur le site de recycleapp.be<\/p>\n\n\n\n<p id=\"marche-a-suivre\"><u>Marche \u00e0 suivre<\/u> : (sur ordinateur ou votre smartphone)<\/p>\n\n\n\n<ul class=\"wp-block-list\"><li>Rendez-vous sur le site suivant : (acceptez les cookies pour un fonctionnement optimal)<br>   <a rel=\"noreferrer noopener\" href=\"https:\/\/recycleapp.be\/home\" target=\"_blank\"><strong>https:\/\/recycleapp.be\/home<\/strong><\/a><\/li><li>Dans le haut de la page, s\u00e9lectionnez votre langue (Fr, Nl ou En)<\/li><li>Introduisez votre code postal (localit\u00e9), rue et n\u00b0 de maison et cliquez sur \u00ab\u00a0<em><mark style=\"background-color:rgba(0, 0, 0, 0)\" class=\"has-inline-color has-vivid-green-cyan-color\"><strong>Continuer<\/strong><\/mark><\/em>\u00ab\u00a0<\/li><li>La nouvelle page affiche la prochaine collecte de d\u00e9chets, des informations pratiques <br>mais aussi un lien vers \u00ab\u00a0<mark style=\"background-color:rgba(0, 0, 0, 0)\" class=\"has-inline-color has-vivid-green-cyan-color\"><strong>D\u00c9COUVREZ LE CALENDRIER DE COLLECTES<\/strong><\/mark>\u00ab\u00a0<\/li><\/ul>\n\n\n\n<p class=\"has-white-color has-vivid-red-background-color has-text-color has-background has-medium-font-size\">3\/ <strong>Installez l&rsquo;application officielle <strong>\u00ab\u00a0Recycle\u00a0\u00bb<\/strong><\/strong> <br><strong>sur votre smartphone <\/strong><\/p>\n\n\n\n<p class=\"has-text-align-center\"><a rel=\"noreferrer noopener\" href=\"https:\/\/recycleapp.be\/\" target=\"_blank\"><img decoding=\"async\" src=\"https:\/\/www.hygea.be\/assets\/img\/cta-recycle.png\" alt=\"\"><\/a><br>&#8211;> <a rel=\"noreferrer noopener\" href=\"https:\/\/recycleapp.be\/\" target=\"_blank\">T\u00e9l\u00e9chargez gratuitement l&rsquo;appli Recycle !<\/a> &lt;&#8211;<br>(Andro\u00efd ou Apple en fran\u00e7ais ou n\u00e9erlandais)<\/p>\n\n\n\n<p>Grace \u00e0 cette application, vous pourrez consulter le jour de collecte, les informations sur le tri et les points de collecte sur votre smartphone <br>Gr\u00e2ce \u00e0 ses notifications et informations utiles, <strong>vous serez toujours \u00e0 jour <\/strong>!<\/p>\n\n\n\n<hr class=\"wp-block-separator is-style-wide\"\/>\n\n\n\n<p class=\"has-very-light-gray-color has-vivid-red-background-color has-text-color has-background\"><strong>Comment pr\u00e9senter vos d\u00e9chets \u00e0 la collecte ?<\/strong><br><em>Pensez aux travailleurs de ce travail p\u00e9nible : <\/em><br>            <strong><a href=\"https:\/\/denis-meunier.be\/Deonisios\/wp-content\/uploads\/2020\/07\/Comment-se-d\u00e9barrasser-correctement-de-vos-d\u00e9chets.pdf\" target=\"_blank\" rel=\"noreferrer noopener\">Respectez les directives que vous trouverez ICI<\/a><\/strong><\/p>\n\n\n\n<p class=\"has-text-align-center\"><strong><em> A votre service<\/em><br>Denis MEUNIER<\/strong><\/p>\n","protected":false},"excerpt":{"rendered":"<p>(Beersel, Alsemberg, Huizingen, Lot et Dworp) ICI, vous trouverez plusieurs mani\u00e8res de voir\/utiliser le calendrier du ramassage des d\u00e9chets \u00e0 Beersel 1\/ Consulter le calendrier officiel (en NL) ( Site de la commune de Beersel = NL )&#8211;> Consulter le &hellip; <a href=\"https:\/\/denis-meunier.be\/Deonisios\/calendrier-du-ramassage-des-dechets-a-beersel\/\">Continuer la lecture <span class=\"meta-nav\">&rarr;<\/span><\/a><\/p>\n","protected":false},"author":1,"featured_media":0,"parent":0,"menu_order":0,"comment_status":"open","ping_status":"closed","template":"","meta":{"footnotes":""},"class_list":["post-637","page","type-page","status-publish","hentry"],"_links":{"self":[{"href":"https:\/\/denis-meunier.be\/Deonisios\/wp-json\/wp\/v2\/pages\/637","targetHints":{"allow":["GET"]}}],"collection":[{"href":"https:\/\/denis-meunier.be\/Deonisios\/wp-json\/wp\/v2\/pages"}],"about":[{"href":"https:\/\/denis-meunier.be\/Deonisios\/wp-json\/wp\/v2\/types\/page"}],"author":[{"embeddable":true,"href":"https:\/\/denis-meunier.be\/Deonisios\/wp-json\/wp\/v2\/users\/1"}],"replies":[{"embeddable":true,"href":"https:\/\/denis-meunier.be\/Deonisios\/wp-json\/wp\/v2\/comments?post=637"}],"version-history":[{"count":20,"href":"https:\/\/denis-meunier.be\/Deonisios\/wp-json\/wp\/v2\/pages\/637\/revisions"}],"predecessor-version":[{"id":1440,"href":"https:\/\/denis-meunier.be\/Deonisios\/wp-json\/wp\/v2\/pages\/637\/revisions\/1440"}],"wp:attachment":[{"href":"https:\/\/denis-meunier.be\/Deonisios\/wp-json\/wp\/v2\/media?parent=637"}],"curies":[{"name":"wp","href":"https:\/\/api.w.org\/{rel}","templated":true}]}}