{"id":50,"date":"2010-10-13T09:24:34","date_gmt":"2010-10-13T09:24:34","guid":{"rendered":"http:\/\/deonisios.wordpress.com\/?page_id=2"},"modified":"2026-02-08T16:33:29","modified_gmt":"2026-02-08T15:33:29","slug":"a-propos","status":"publish","type":"page","link":"https:\/\/denis-meunier.be\/Deonisios\/a-propos\/","title":{"rendered":"Mes sites"},"content":{"rendered":"\n<p>Autodidacte en informatique  \u00ab\u00a0pensionn\u00e9\u00a0\u00bb,  je continue \u00e0 g\u00e9rer , <em>b\u00e9n\u00e9volement<\/em>, quelques sites. <br>Je reste \u00e0 la disposition d&rsquo;amis et voisins pour le d\u00e9pannage  ou de l&rsquo;aide en informatique (<em>tout aussi b\u00e9n\u00e9volement<\/em>).<\/p>\n\n\n\n<p class=\"has-medium-font-size\"><strong>Visitez les sites que j&rsquo;ai cr\u00e9\u00e9  ou que je g\u00e8re :<\/strong><\/p>\n\n\n\n<ul class=\"wp-block-list\">\n<li>Le pr\u00e9sent site : <br><img loading=\"lazy\" decoding=\"async\" width=\"50\" height=\"50\" class=\"wp-image-1155\" style=\"width: 50px;\" src=\"https:\/\/denis-meunier.be\/Deonisios\/wp-content\/uploads\/2018\/12\/cropped-cropped-DireNon-1.jpg\" alt=\"\" srcset=\"https:\/\/denis-meunier.be\/Deonisios\/wp-content\/uploads\/2018\/12\/cropped-cropped-DireNon-1.jpg 250w, https:\/\/denis-meunier.be\/Deonisios\/wp-content\/uploads\/2018\/12\/cropped-cropped-DireNon-1-150x150.jpg 150w, https:\/\/denis-meunier.be\/Deonisios\/wp-content\/uploads\/2018\/12\/cropped-cropped-DireNon-1-100x100.jpg 100w\" sizes=\"auto, (max-width: 50px) 100vw, 50px\" \/><br><a href=\"https:\/\/denis-meunier.be\/Deonisios\"><strong>https:\/\/denis-meunier.be\/Deonisios<\/strong><\/a><\/li>\n\n\n\n<li>Le site de ma petite s\u0153ur, artiste peintre : <strong><mark style=\"background-color:rgba(0, 0, 0, 0);color:#fa0101\" class=\"has-inline-color\">JOELLE MEUNIER<\/mark><\/strong><br><strong>Visitez, elle a du talent !<\/strong><br><img decoding=\"async\" style=\"width: 50px;\" src=\"https:\/\/denis-meunier.be\/Deonisios\/wp-content\/uploads\/2026\/01\/cropped-2025_E0.jpg\" alt=\"\">  <strong><a title=\"Jo\u00eblle Meunier\" href=\"http:\/\/joelle-meunier.be\" target=\"_blank\" rel=\"noopener noreferrer\">http:\/\/joelle-meunier.be<\/a><\/strong><\/li>\n\n\n\n<li>Le site d&rsquo;un grand artiste de Beersel, disparu en 2005 : <strong><span style=\"color: #ff0000;\">WILCHAR<\/span> <\/strong>:<br><img decoding=\"async\" style=\"width: 50px;\" src=\"https:\/\/denis-meunier.be\/Deonisios\/wp-content\/uploads\/1998\/02\/Wilchar2.jpg\" alt=\"\">  <a title=\"Le site de WILCHAR\" href=\"https:\/\/wilchar.be\" target=\"_blank\" rel=\"noopener noreferrer\"><strong>https:\/\/wilchar.be<\/strong><\/a><\/li>\n\n\n\n<li>Un autre site, cr\u00e9\u00e9 pour une association \u00e0 laquelle je participe activement :<br><strong><mark style=\"background-color:rgba(0, 0, 0, 0)\" class=\"has-inline-color has-vivid-red-color\">Le Gang des Vieux en Col\u00e8re<\/mark><\/strong><br><img decoding=\"async\" style=\"width: 50px;\" src=\"https:\/\/denis-meunier.be\/Deonisios\/wp-content\/uploads\/2026\/01\/logo-gang-2020-200.jpg\" alt=\"\">  <strong><a href=\"https:\/\/gangdesvieuxencolere.be\" target=\"_blank\" rel=\"noopener noreferrer\">https:\/\/gangdesvieuxencolere.be<\/a><br><\/strong><\/li>\n\n\n\n<li>Le site de <strong><mark style=\"background-color:rgba(0, 0, 0, 0);color:#fa0101\" class=\"has-inline-color\">Simone Henin<\/mark><\/strong>, une autre artiste :<br><img decoding=\"async\" style=\"width: 50px;\" src=\"https:\/\/denis-meunier.be\/Deonisios\/wp-content\/uploads\/2026\/01\/SimonePastel.jpg\" alt=\"\">  <strong><a href=\"https:\/\/simone-henin.be\" target=\"_blank\" rel=\"noreferrer noopener\">https:\/\/simone-henin.be<\/a><br><\/strong><\/li>\n\n\n\n<li>Un BLOG, toujours actif, avec les informations sur quelques-uns de nos v\u00e9hicules<br>(certains articles autorisent les commentaires)<br><img decoding=\"async\" style=\"width: 50px;\" src=\"https:\/\/denis-meunier.be\/Deonisios\/wp-content\/uploads\/2026\/01\/Tiguan.jpg\" alt=\"\"> <a href=\"https:\/\/denis-meunier.be\/NosVehicules\/\">https:\/\/denis-meunier.be\/NosV\u00e9hicules\/<\/a><br><\/li>\n\n\n\n<li>Un coup de pouce \u00e0 une amie de longue date, qui se bat pour ses id\u00e9aux (tr\u00e8s proches des miens)<br><strong><mark style=\"background-color:rgba(0, 0, 0, 0);color:#f60606\" class=\"has-inline-color\">CATHERINE FRANCOIS<\/mark><\/strong>, engag\u00e9e en politique \u00e0 Saint-Gilles,<br><img decoding=\"async\" style=\"width: 50px;\" src=\"https:\/\/denis-meunier.be\/Deonisios\/wp-content\/uploads\/2026\/01\/catherine.jpg\" alt=\"\">  <strong><a href=\"https:\/\/catherine-francois.be\">https:\/\/catherine-francois.be<\/a><\/strong> <br><\/li>\n\n\n\n<li>Un <strong>blog <\/strong>que j&rsquo;ai r\u00e9alis\u00e9 sur mon ancien v\u00e9hicule&nbsp; <mark style=\"background-color:rgba(0, 0, 0, 0);color:#f90707\" class=\"has-inline-color\"><strong><span style=\"color: #ff0000;\"><em>S<\/em><\/span>-Max<\/strong> <\/mark>de <strong><em><span style=\"color: #0000ff;\">Ford <\/span><\/em><\/strong>:<br>(Premier blog cr\u00e9\u00e9 suite \u00e0 nos nombreux d\u00e9boires avec ce v\u00e9hicule)<br><img decoding=\"async\" style=\"width: 50px;\" src=\"https:\/\/denis-meunier.be\/Deonisios\/wp-content\/uploads\/2026\/01\/SMAXJPG.jpg\" alt=\"\">  <strong><a title=\"Voir tout au sujet du S-Max\" href=\"https:\/\/denis-meunier.be\/smax\/\" target=\"_blank\" rel=\"noopener noreferrer\">https:\/\/denis-meunier.be\/smax<\/a><\/strong><br><\/li>\n\n\n\n<li>Un dernier blog sur lequel vous trouverez toutes mes bonnes adresses (tables et h\u00f4tels)<br><img decoding=\"async\" style=\"width: 50px;\" src=\"https:\/\/denis-meunier.be\/Deonisios\/wp-content\/uploads\/2026\/01\/deonisios.jpg\" alt=\"\"><br>(le blog a \u00e9t\u00e9 remplac\u00e9 par un lien vers mes bonnes adresses sur TripAdvisor)<br><strong><a href=\"http:\/\/denis-meunier.be\/BonnesAdresses\" target=\"_blank\" rel=\"noreferrer noopener\">https:\/\/denis-meunier.be\/BonnesAdresses<\/a><br><\/strong><\/li>\n\n\n\n<li><strong>ET LES ARCHIVES :<\/strong>\n<ul class=\"wp-block-list\">\n<li><strong>Mon site personnel <\/strong>initial<br><em>(r\u00e9alis\u00e9 en <strong>100% en pages html <\/strong>&#8211; mes d\u00e9buts <\/em>):<br><strong><a href=\"https:\/\/denis-meunier.be\/index1.htm\" target=\"_blank\" rel=\"noreferrer noopener\">https:\/\/denis-meunier.be\/<\/a><br><\/strong><em>(attention : les informations qu&rsquo;il contient ne <strong>SONT plus \u00e0 jour<\/strong>)<\/em><strong><br><\/strong><\/li>\n\n\n\n<li>Le site d&rsquo;une bonne adresse \u00e0 Beersel <em>(une r\u00e9alisation b\u00e9n\u00e9vole)<\/em><br>Anciennement \u00ab\u00a0La Villa Borghese\u00a0\u00bb maintenant le \u00ab\u00a0<strong>Adriano &lsquo;s wine &amp; Pasta bar<\/strong>\u00ab\u00a0<br>Voir <a href=\"https:\/\/denis-meunier.be\/Deonisios\/2025\/01\/10\/le-restaurant-a-la-villa-borghese-de-beersel-devient-le-adriano-s-wine-pasta-bar\/\"><strong>ICI<\/strong><\/a> <strong><mark style=\"background-color:#f1f1f1;color:#f90505\" class=\"has-inline-color\">Malheureusement d\u00e9finitivement ferm\u00e9 en janvier 2026<\/mark><\/strong><br><\/li>\n<\/ul>\n<\/li>\n<\/ul>\n\n\n\n<p class=\"has-medium-font-size\">Bonne<strong><span style=\"color: #ff0000;\">s<\/span><\/strong> visite<strong><span style=\"color: #ff0000;\">s<\/span><\/strong><\/p>\n\n\n\n<figure class=\"wp-block-image size-full\"><img loading=\"lazy\" decoding=\"async\" width=\"512\" height=\"512\" src=\"https:\/\/denis-meunier.be\/Deonisios\/wp-content\/uploads\/2026\/01\/deonisios.jpg\" alt=\"\" class=\"wp-image-1599\" srcset=\"https:\/\/denis-meunier.be\/Deonisios\/wp-content\/uploads\/2026\/01\/deonisios.jpg 512w, https:\/\/denis-meunier.be\/Deonisios\/wp-content\/uploads\/2026\/01\/deonisios-300x300.jpg 300w, https:\/\/denis-meunier.be\/Deonisios\/wp-content\/uploads\/2026\/01\/deonisios-150x150.jpg 150w\" sizes=\"auto, (max-width: 512px) 100vw, 512px\" \/><\/figure>\n","protected":false},"excerpt":{"rendered":"<p>Autodidacte en informatique \u00ab\u00a0pensionn\u00e9\u00a0\u00bb, je continue \u00e0 g\u00e9rer , b\u00e9n\u00e9volement, quelques sites. Je reste \u00e0 la disposition d&rsquo;amis et voisins pour le d\u00e9pannage ou de l&rsquo;aide en informatique (tout aussi b\u00e9n\u00e9volement). Visitez les sites que j&rsquo;ai cr\u00e9\u00e9 ou que je &hellip; <a href=\"https:\/\/denis-meunier.be\/Deonisios\/a-propos\/\">Continuer la lecture <span class=\"meta-nav\">&rarr;<\/span><\/a><\/p>\n","protected":false},"author":1,"featured_media":0,"parent":0,"menu_order":0,"comment_status":"closed","ping_status":"open","template":"","meta":{"footnotes":""},"class_list":["post-50","page","type-page","status-publish","hentry"],"_links":{"self":[{"href":"https:\/\/denis-meunier.be\/Deonisios\/wp-json\/wp\/v2\/pages\/50","targetHints":{"allow":["GET"]}}],"collection":[{"href":"https:\/\/denis-meunier.be\/Deonisios\/wp-json\/wp\/v2\/pages"}],"about":[{"href":"https:\/\/denis-meunier.be\/Deonisios\/wp-json\/wp\/v2\/types\/page"}],"author":[{"embeddable":true,"href":"https:\/\/denis-meunier.be\/Deonisios\/wp-json\/wp\/v2\/users\/1"}],"replies":[{"embeddable":true,"href":"https:\/\/denis-meunier.be\/Deonisios\/wp-json\/wp\/v2\/comments?post=50"}],"version-history":[{"count":37,"href":"https:\/\/denis-meunier.be\/Deonisios\/wp-json\/wp\/v2\/pages\/50\/revisions"}],"predecessor-version":[{"id":1645,"href":"https:\/\/denis-meunier.be\/Deonisios\/wp-json\/wp\/v2\/pages\/50\/revisions\/1645"}],"wp:attachment":[{"href":"https:\/\/denis-meunier.be\/Deonisios\/wp-json\/wp\/v2\/media?parent=50"}],"curies":[{"name":"wp","href":"https:\/\/api.w.org\/{rel}","templated":true}]}}